{"id":10819,"date":"2024-05-06T17:08:00","date_gmt":"2024-05-06T15:08:00","guid":{"rendered":"https:\/\/ubgen.com\/evento\/congreso-internacional-ubgen\/"},"modified":"2025-06-17T11:19:34","modified_gmt":"2025-06-17T09:19:34","slug":"congreso-internacional-ubgen","status":"publish","type":"eventos","link":"https:\/\/ubgen.com\/es\/evento\/congreso-internacional-ubgen\/","title":{"rendered":"CONGRESO INTERNACIONAL UBGEN"},"content":{"rendered":"","protected":false},"featured_media":9800,"parent":0,"template":"","category_eventos":[45],"class_list":["post-10819","eventos","type-eventos","status-publish","has-post-thumbnail","hentry","category_eventos-formazione-es"],"acf":{"event_name":"CONGRESO INTERNACIONAL UBGEN  ","event_single_post_hero_text":"<p class=\"single-news-pretitle thin-text\"><strong><span class=\"pink-mask\" style=\"color: #e95296;\">UBGEN<sup style=\"font-size: 20px; top: -1em;\">\u00ae<\/sup><\/span><\/strong><\/p>\n<p class=\"single-news-title\"><strong>CONGRESO INTERNACIONAL<\/strong><\/p>","event_location_text":"Estambul, Turqu\u00eda","event_date_text":"6 DE MAYO DE 2025","event_start_date":"20250506","event_end_date":null,"event_thumbnail_image":"","event_description":"<p data-start=\"0\" data-end=\"368\" data-is-last-node=\"\" data-is-only-node=\"\">\u00a1Un congreso internacional que re\u00fane a mentes brillantes y figuras influyentes del mundo de la odontolog\u00eda! El Congreso Internacional UBGEN\u00ae es una oportunidad innovadora para que l\u00edderes de opini\u00f3n, distribuidores y profesionales se re\u00fanan, intercambien ideas y exploren las \u00faltimas innovaciones de la industria dental. <\/p>\n<strong style=\"color: var(--bs-body-color); font-family: var(--bs-body-font-family); font-size: var(--bs-body-font-size); text-align: var(--bs-body-text-align); background-color: var(--bs-body-bg);\">Ponentes:<\/strong> Dr. Stefano Parma Benfenati, Prof. Angelo Cardarelli, Dr. Michele Melillo\n<strong>Idioma:<\/strong> Ingl\u00e9s\n<strong>Nivel:<\/strong> Intermedio\/Avanzado\n\n<em><strong>*Evento privado  <\/strong><\/em>","event_post_card_color":"purple-style","event_tutor":"Dr. Stefano Parma Benfenati, Prof. Angelo Cardarelli, Dr. Michele Melillo  ","event_tutor_picture":"","event_address":"Estambul, Turqu\u00eda","event_expo_address_detail":"Hotel Sofitel Istanbul Taksim","event_expo_address_link_text":"Visita il Sito dell\u2019Evento","event_expo_address_link":"","event-pdf":9805,"event_researcher_website":"https:\/\/ubgen.com\/international-researchers\/","event_info_text_1":"<strong><span style=\"color: #764896;\">M\u00c9TODO Y ORGANIZACI\u00d3N<\/span><\/strong>\nEl Congreso Internacional UBGEN\u00ae es un acto privado organizado en colaboraci\u00f3n con nuestro distribuidor ruso. Estructurado como una jornada intensiva de formaci\u00f3n y debate, el programa incluye ponencias de expertos de renombre internacional. Sesiones te\u00f3ricas en profundidad, sesiones de debate interactivo y una mesa redonda garantizan una experiencia de aprendizaje completa y din\u00e1mica, fomentando el intercambio de conocimientos entre profesionales.  ","event_info_text_2":"<strong><span style=\"color: #764896;\">TEMAS Y M\u00d3DULOS<\/span><\/strong>\nEl congreso abarcar\u00e1 las \u00faltimas innovaciones en Regeneraci\u00f3n \u00d3sea Guiada (ROG), integraci\u00f3n de biomateriales, soluciones quir\u00fargicas avanzadas y tecnolog\u00edas magnetodin\u00e1micas. Los participantes explorar\u00e1n estrategias innovadoras para la cirug\u00eda oral y la reconstrucci\u00f3n \u00f3sea, con sesiones dedicadas a la pr\u00e1ctica cl\u00ednica y la gesti\u00f3n de tejidos. ","event_days_accordion":[{"accordion_title":"Objetivo","accordion_content":"El objetivo del evento es crear una oportunidad para que l\u00edderes de opini\u00f3n, distribuidores y profesionales se re\u00fanan e intercambien ideas y se mantengan al d\u00eda de las t\u00e9cnicas odontol\u00f3gicas m\u00e1s avanzadas. El congreso pretende ofrecer conocimientos actualizados y estrategias innovadoras para mejorar la calidad de la atenci\u00f3n odontol\u00f3gica. "},{"accordion_title":"Programa del acto","accordion_content":"<p data-start=\"0\" data-end=\"49\">08.45 - 09.00<br data-start=\"13\" data-end=\"16\"><strong data-start=\"16\" data-end=\"47\">Bienvenida e inscripci\u00f3n<\/strong><\/p>\n<p data-start=\"51\" data-end=\"214\">09.00 - 10.30<br data-start=\"64\" data-end=\"67\"> Evoluci\u00f3n de la<strong data-start=\"67\" data-end=\"170\">regeneraci\u00f3n \u00f3sea guiada: dominio de los biomateriales para obtener resultados predecibles<\/strong><br data-start=\"170\" data-end=\"173\"><em data-start=\"173\" data-end=\"212\">Stefano Parma Benfenati MD, DDS, MScD<\/em><\/p>\n<p data-start=\"216\" data-end=\"249\">10.30 - 11.00<br data-start=\"229\" data-end=\"232\"><strong data-start=\"232\" data-end=\"247\">Pausa caf\u00e9<\/strong><\/p>\n<p data-start=\"251\" data-end=\"390\">11.00 - 12.30<br data-start=\"264\" data-end=\"267\"><strong data-start=\"267\" data-end=\"364\">Simplificar los retos quir\u00fargicos: tecnolog\u00eda magnetodin\u00e1mica e integraci\u00f3n de biomateriales<\/strong><br data-start=\"364\" data-end=\"367\"><em data-start=\"367\" data-end=\"388\">Michele Melillo DDS<\/em><\/p>\n<p data-start=\"392\" data-end=\"425\">12.30 - 14.00<br data-start=\"405\" data-end=\"408\"><strong data-start=\"408\" data-end=\"423\">Comida ligera<\/strong><\/p>\n<p data-start=\"427\" data-end=\"536\">14.00 - 15.30<br data-start=\"440\" data-end=\"443\"><strong data-start=\"443\" data-end=\"508\">Soluciones innovadoras en cirug\u00eda oral y reconstrucci\u00f3n \u00f3sea<\/strong><br data-start=\"508\" data-end=\"511\"><em data-start=\"511\" data-end=\"534\">Angelo Cardarelli DDS<\/em><\/p>\n<p data-start=\"538\" data-end=\"571\">15.30 - 16.00<br data-start=\"551\" data-end=\"554\"><strong data-start=\"554\" data-end=\"569\">Pausa caf\u00e9<\/strong><\/p>\n<p data-start=\"573\" data-end=\"722\">16.00 - 17.30<br data-start=\"586\" data-end=\"589\"><strong data-start=\"589\" data-end=\"678\">Mesa redonda interactiva: Perspectivas y estrategias en la regeneraci\u00f3n de tejidos<\/strong><br data-start=\"678\" data-end=\"681\"><em data-start=\"681\" data-end=\"720\">Parma Benfenati, Melillo & Cardarelli<\/em><\/p>\n<p data-start=\"724\" data-end=\"751\" data-is-last-node=\"\" data-is-only-node=\"\">18.00<br data-start=\"729\" data-end=\"732\"><strong data-start=\"732\" data-end=\"751\" data-is-last-node=\"\">Observaciones finales<\/strong><\/p>"}],"event_name_single_info":"<span class=\"thin-text\"><sup>UBGEN\u00ae<\/sup><\/span>\nCONGRESO INTERNACIONAL","event_single_picture_1":9790,"event_single_picture_2":9794,"event_single_picture_2_caption":"","event_start":"20250506"},"_links":{"self":[{"href":"https:\/\/ubgen.com\/es\/wp-json\/wp\/v2\/eventos\/10819","targetHints":{"allow":["GET"]}}],"collection":[{"href":"https:\/\/ubgen.com\/es\/wp-json\/wp\/v2\/eventos"}],"about":[{"href":"https:\/\/ubgen.com\/es\/wp-json\/wp\/v2\/types\/eventos"}],"version-history":[{"count":1,"href":"https:\/\/ubgen.com\/es\/wp-json\/wp\/v2\/eventos\/10819\/revisions"}],"predecessor-version":[{"id":10837,"href":"https:\/\/ubgen.com\/es\/wp-json\/wp\/v2\/eventos\/10819\/revisions\/10837"}],"wp:featuredmedia":[{"embeddable":true,"href":"https:\/\/ubgen.com\/es\/wp-json\/wp\/v2\/media\/9800"}],"wp:attachment":[{"href":"https:\/\/ubgen.com\/es\/wp-json\/wp\/v2\/media?parent=10819"}],"wp:term":[{"taxonomy":"category_eventos","embeddable":true,"href":"https:\/\/ubgen.com\/es\/wp-json\/wp\/v2\/category_eventos?post=10819"}],"curies":[{"name":"wp","href":"https:\/\/api.w.org\/{rel}","templated":true}]}}

Estambul, Turquía

<p data-start="0" data-end="368" data-is-last-node="" data-is-only-node="">¡Un congreso internacional que reúne a mentes brillantes y figuras influyentes del mundo de la odontología! El Congreso Internacional UBGEN® es una oportunidad innovadora para que líderes de opinión, distribuidores y profesionales se reúnan, intercambien ideas y exploren las últimas innovaciones de la industria dental. </p>
<strong style="color: var(--bs-body-color); font-family: var(--bs-body-font-family); font-size: var(--bs-body-font-size); text-align: var(--bs-body-text-align); background-color: var(--bs-body-bg);">Ponentes:</strong> Dr. Stefano Parma Benfenati, Prof. Angelo Cardarelli, Dr. Michele Melillo
<strong>Idioma:</strong> Inglés
<strong>Nivel:</strong> Intermedio/Avanzado

<em><strong>*Evento privado  </strong></em>

<strong><span style="color: #764896;">MÉTODO Y ORGANIZACIÓN</span></strong>
El Congreso Internacional UBGEN® es un acto privado organizado en colaboración con nuestro distribuidor ruso. Estructurado como una jornada intensiva de formación y debate, el programa incluye ponencias de expertos de renombre internacional. Sesiones teóricas en profundidad, sesiones de debate interactivo y una mesa redonda garantizan una experiencia de aprendizaje completa y dinámica, fomentando el intercambio de conocimientos entre profesionales.

<strong><span style="color: #764896;">TEMAS Y MÓDULOS</span></strong>
El congreso abarcará las últimas innovaciones en Regeneración Ósea Guiada (ROG), integración de biomateriales, soluciones quirúrgicas avanzadas y tecnologías magnetodinámicas. Los participantes explorarán estrategias innovadoras para la cirugía oral y la reconstrucción ósea, con sesiones dedicadas a la práctica clínica y la gestión de tejidos.

El objetivo del evento es crear una oportunidad para que líderes de opinión, distribuidores y profesionales se reúnan e intercambien ideas y se mantengan al día de las técnicas odontológicas más avanzadas. El congreso pretende ofrecer conocimientos actualizados y estrategias innovadoras para mejorar la calidad de la atención odontológica.

<p data-start="0" data-end="49">08.45 - 09.00<br data-start="13" data-end="16"><strong data-start="16" data-end="47">Bienvenida e inscripción</strong></p>
<p data-start="51" data-end="214">09.00 - 10.30<br data-start="64" data-end="67"> Evolución de la<strong data-start="67" data-end="170">regeneración ósea guiada: dominio de los biomateriales para obtener resultados predecibles</strong><br data-start="170" data-end="173"><em data-start="173" data-end="212">Stefano Parma Benfenati MD, DDS, MScD</em></p>
<p data-start="216" data-end="249">10.30 - 11.00<br data-start="229" data-end="232"><strong data-start="232" data-end="247">Pausa café</strong></p>
<p data-start="251" data-end="390">11.00 - 12.30<br data-start="264" data-end="267"><strong data-start="267" data-end="364">Simplificar los retos quirúrgicos: tecnología magnetodinámica e integración de biomateriales</strong><br data-start="364" data-end="367"><em data-start="367" data-end="388">Michele Melillo DDS</em></p>
<p data-start="392" data-end="425">12.30 - 14.00<br data-start="405" data-end="408"><strong data-start="408" data-end="423">Comida ligera</strong></p>
<p data-start="427" data-end="536">14.00 - 15.30<br data-start="440" data-end="443"><strong data-start="443" data-end="508">Soluciones innovadoras en cirugía oral y reconstrucción ósea</strong><br data-start="508" data-end="511"><em data-start="511" data-end="534">Angelo Cardarelli DDS</em></p>
<p data-start="538" data-end="571">15.30 - 16.00<br data-start="551" data-end="554"><strong data-start="554" data-end="569">Pausa café</strong></p>
<p data-start="573" data-end="722">16.00 - 17.30<br data-start="586" data-end="589"><strong data-start="589" data-end="678">Mesa redonda interactiva: Perspectivas y estrategias en la regeneración de tejidos</strong><br data-start="678" data-end="681"><em data-start="681" data-end="720">Parma Benfenati, Melillo & Cardarelli</em></p>
<p data-start="724" data-end="751" data-is-last-node="" data-is-only-node="">18.00<br data-start="729" data-end="732"><strong data-start="732" data-end="751" data-is-last-node="">Observaciones finales</strong></p>
