{"id":12237,"date":"2026-03-16T10:47:19","date_gmt":"2026-03-16T09:47:19","guid":{"rendered":"https:\/\/ubgen.com\/evento\/expodental-2026\/"},"modified":"2026-03-16T11:29:36","modified_gmt":"2026-03-16T10:29:36","slug":"expodental-2026","status":"publish","type":"eventos","link":"https:\/\/ubgen.com\/pt-pt\/eventos\/expodental-2026\/","title":{"rendered":"EXPODENTAL 2026"},"content":{"rendered":"\t\t<div data-elementor-type=\"wp-post\" data-elementor-id=\"12237\" class=\"elementor elementor-12237 elementor-12222\" data-elementor-post-type=\"eventos\">\n\t\t\t\t<div class=\"elementor-element elementor-element-54a106f6 e-con-full e-flex e-con e-parent\" data-id=\"54a106f6\" data-element_type=\"container\" data-e-type=\"container\" id=\"hero-products\" data-settings=\"{&quot;background_background&quot;:&quot;classic&quot;}\">\n\t\t<div class=\"elementor-element elementor-element-5443882b e-con-full container hero-products-container e-flex e-con e-child\" data-id=\"5443882b\" data-element_type=\"container\" data-e-type=\"container\">\n\t\t\t\t<div class=\"elementor-element elementor-element-89c42fa elementor-widget elementor-widget-text-editor\" data-id=\"89c42fa\" data-element_type=\"widget\" data-e-type=\"widget\" data-widget_type=\"text-editor.default\">\n\t\t\t\t\t\t\t\t\t<p>25 &#8211; 29 DE MAR\u00c7O DE 2025<\/p>\t\t\t\t\t\t\t\t<\/div>\n\t\t\t\t<div class=\"elementor-element elementor-element-2efb8b20 hero-products-text elementor-widget elementor-widget-text-editor\" data-id=\"2efb8b20\" data-element_type=\"widget\" data-e-type=\"widget\" data-widget_type=\"text-editor.default\">\n\t\t\t\t\t\t\t\t\t<p>IDS COLONIA <span style=\"color: #e95296;\">2025<\/span><\/p>\t\t\t\t\t\t\t\t<\/div>\n\t\t\t\t<div class=\"elementor-element elementor-element-52ac8a6 elementor-widget elementor-widget-text-editor\" data-id=\"52ac8a6\" data-element_type=\"widget\" data-e-type=\"widget\" data-widget_type=\"text-editor.default\">\n\t\t\t\t\t\t\t\t\t<p>KOELNMESSE &#8211; Col\u00f3nia, Alemanha<\/p>\t\t\t\t\t\t\t\t<\/div>\n\t\t\t\t<\/div>\n\t\t\t\t<\/div>\n\t\t\t\t<\/div>\n\t\t","protected":false},"featured_media":12230,"parent":0,"template":"","category_eventos":[12],"class_list":["post-12237","eventos","type-eventos","status-publish","has-post-thumbnail","hentry","category_eventos-expo"],"acf":{"event_name":"EXPODENTAL 2026","event_single_post_hero_text":"EXPODENTAL 2026","event_location_text":"Feira de Rimini, Rimini, It\u00e1lia","event_date_text":"14 - 16 DE MAIO DE 2026","event_start_date":"20260514","event_end_date":"20260516","event_thumbnail_image":12230,"event_description":"<h1><strong>EXPODENTAL 2026<\/strong><\/h1>\n<p data-start=\"0\" data-end=\"339\">De <strong data-start=\"4\" data-end=\"28\">14 a 16 de maio de 2026<\/strong>, o Centro de Exposi\u00e7\u00f5es de Rimini acolher\u00e1 uma nova edi\u00e7\u00e3o do <strong data-start=\"79\" data-end=\"101\">Expodental Meeting<\/strong>, um dos principais eventos para o sector dent\u00e1rio italiano. O evento re\u00fane dentistas, higienistas, t\u00e9cnicos de pr\u00f3tese dent\u00e1ria e profissionais do sector num contexto dedicado \u00e0 inova\u00e7\u00e3o, \u00e0s actualiza\u00e7\u00f5es cl\u00ednico-cient\u00edficas e ao networking. <\/p>\n<p data-start=\"341\" data-end=\"614\">Neste cen\u00e1rio, <strong data-start=\"373\" data-end=\"448\">a UBGEN estar\u00e1 presente na Expodental Meeting no stand da Ziacom ITS<\/strong>, onde ser\u00e1 poss\u00edvel conhecer melhor as nossas solu\u00e7\u00f5es dedicadas \u00e0 <strong data-start=\"524\" data-end=\"566\">cirurgia regenerativa em medicina dent\u00e1ria<\/strong> e discuti-las diretamente com a nossa equipa.<\/p>\n<p data-start=\"616\" data-end=\"736\" data-is-last-node=\"\" data-is-only-node=\"\"><strong data-start=\"616\" data-end=\"736\" data-is-last-node=\"\">Esperamos ver-te em Rimini para descobrires as nossas inova\u00e7\u00f5es e partilhares em conjunto novas perspectivas para a pr\u00e1tica cl\u00ednica.<\/strong><\/p>","event_post_card_color":"","event_tutor":"","event_tutor_picture":"","event_address":"Pavilh\u00e3o C1 - Stand 032","event_expo_address_detail":"Pavilh\u00e3o C1 - Stand 032","event_expo_address_link_text":"Visite o local do evento","event_expo_address_link":"https:\/\/www.expodental.it\/","event-pdf":"","event_researcher_website":"","event_info_text_1":"","event_info_text_2":"","event_days_accordion":null,"event_name_single_info":"","event_single_picture_1":"","event_single_picture_2":"","event_single_picture_2_caption":"","event_start":"20260514"},"_links":{"self":[{"href":"https:\/\/ubgen.com\/pt-pt\/wp-json\/wp\/v2\/eventos\/12237","targetHints":{"allow":["GET"]}}],"collection":[{"href":"https:\/\/ubgen.com\/pt-pt\/wp-json\/wp\/v2\/eventos"}],"about":[{"href":"https:\/\/ubgen.com\/pt-pt\/wp-json\/wp\/v2\/types\/eventos"}],"version-history":[{"count":1,"href":"https:\/\/ubgen.com\/pt-pt\/wp-json\/wp\/v2\/eventos\/12237\/revisions"}],"predecessor-version":[{"id":12238,"href":"https:\/\/ubgen.com\/pt-pt\/wp-json\/wp\/v2\/eventos\/12237\/revisions\/12238"}],"wp:featuredmedia":[{"embeddable":true,"href":"https:\/\/ubgen.com\/pt-pt\/wp-json\/wp\/v2\/media\/12230"}],"wp:attachment":[{"href":"https:\/\/ubgen.com\/pt-pt\/wp-json\/wp\/v2\/media?parent=12237"}],"wp:term":[{"taxonomy":"category_eventos","embeddable":true,"href":"https:\/\/ubgen.com\/pt-pt\/wp-json\/wp\/v2\/category_eventos?post=12237"}],"curies":[{"name":"wp","href":"https:\/\/api.w.org\/{rel}","templated":true}]}}

<div data-elementor-type="wp-post" data-elementor-id="12237" class="elementor elementor-12237 elementor-12222" data-elementor-post-type="eventos">
				<div class="elementor-element elementor-element-54a106f6 e-con-full e-flex e-con e-parent" data-id="54a106f6" data-element_type="container" data-e-type="container" id="hero-products" data-settings="{&quot;background_background&quot;:&quot;classic&quot;}">
		<div class="elementor-element elementor-element-5443882b e-con-full container hero-products-container e-flex e-con e-child" data-id="5443882b" data-element_type="container" data-e-type="container">
				<div class="elementor-element elementor-element-89c42fa elementor-widget elementor-widget-text-editor" data-id="89c42fa" data-element_type="widget" data-e-type="widget" data-widget_type="text-editor.default">
									<p>25 &#8211; 29 DE MARÇO DE 2025</p>								</div>
				<div class="elementor-element elementor-element-2efb8b20 hero-products-text elementor-widget elementor-widget-text-editor" data-id="2efb8b20" data-element_type="widget" data-e-type="widget" data-widget_type="text-editor.default">
									<p>IDS COLONIA <span style="color: #e95296;">2025</span></p>								</div>
				<div class="elementor-element elementor-element-52ac8a6 elementor-widget elementor-widget-text-editor" data-id="52ac8a6" data-element_type="widget" data-e-type="widget" data-widget_type="text-editor.default">
									<p>KOELNMESSE &#8211; Colónia, Alemanha</p>								</div>
				</div>
				</div>
				</div>

Feira de Rimini, Rimini, Itália

<h1><strong>EXPODENTAL 2026</strong></h1>
<p data-start="0" data-end="339">De <strong data-start="4" data-end="28">14 a 16 de maio de 2026</strong>, o Centro de Exposições de Rimini acolherá uma nova edição do <strong data-start="79" data-end="101">Expodental Meeting</strong>, um dos principais eventos para o sector dentário italiano. O evento reúne dentistas, higienistas, técnicos de prótese dentária e profissionais do sector num contexto dedicado à inovação, às actualizações clínico-científicas e ao networking. </p>
<p data-start="341" data-end="614">Neste cenário, <strong data-start="373" data-end="448">a UBGEN estará presente na Expodental Meeting no stand da Ziacom ITS</strong>, onde será possível conhecer melhor as nossas soluções dedicadas à <strong data-start="524" data-end="566">cirurgia regenerativa em medicina dentária</strong> e discuti-las diretamente com a nossa equipa.</p>
<p data-start="616" data-end="736" data-is-last-node="" data-is-only-node=""><strong data-start="616" data-end="736" data-is-last-node="">Esperamos ver-te em Rimini para descobrires as nossas inovações e partilhares em conjunto novas perspectivas para a prática clínica.</strong></p>

Pavilhão C1 - Stand 032
